0).
-5
Let l(r) = r**3 + 36*r**2 - 3*r - 100. Determine l(-36).
8
Let p(z) = -2*z**2 + 22*z - 44. What is p(13)?
-96
Let y(l) = -l**2 - 3*l - 2. Calculate y(-6).
-20
Let v(x) = -x. What is v(-4)?
4
Let a(s) = s**2 - 7*s + 4. Determine a(6).
-2
Let u(i) = 4*i - 41. Give u(7).
-13
Let w(b) = -b + 4. Determine w(-1).
5
Let r(l) = 2*l**3 + 10*l**2 + 11*l + 12. Give r(-4).
0
Let a(d) = 2*d**2 - 8*d + 14. Give a(5).
24
Let g(w) = -w**3 + 9*w**2 + 6*w - 16. Give g(9).
38
Let v(o) = 3*o**2 + 30*o - 9. What is v(-9)?
-36
Let f(y) = 4*y**2 - 28*y - 8. What is f(7)?
-8
Let u(g) = -48*g - 7. Give u(-1).
41
Let j(l) = -8*l + 5. Calculate j(5).
-35
Let l(q) = -q**3 + 8*q**2 - 9*q - 9. Determine l(7).
-23
Let k(j) = -j**3 - 9*j**2 - 6*j + 22. What is k(-7)?
-34
Let p(f) = -f**3 - 7*f**2 + 8*f + 10. Give p(-8).
10
Let v(g) = -18*g - 6. What is v(2)?
-42
Let h(q) = -16*q**3 + q**2 + 2*q - 2. Determine h(-2).
126
Let i(r) = -2*r**3 + 15*r**2 + 6*r - 6. Give i(8).
-22
Let q(f) = -11*f + 3. Give q(-2).
25
Let a(f) = -2*f**3 - 5*f**2 + 2*f - 3. Calculate a(-4).
37
Let n(x) = -x**3 - 8*x**2 + 7*x. Determine n(-10).
130
Let k(h) = h**2 - 15*h - 39. Determine k(17).
-5
Let i(t) = -t**3 - 2*t**2 - 4*t - 6. Calculate i(-2).
2
Let p(r) = r**2 - 7*r - 4. Give p(6).
-10
Let t(n) = 5*n + 1. Calculate t(-7).
-34
Let w(x) = 60*x - 366. Determine w(6).
-6
Let a(g) = -2*g - 14. Determine a(-7).
0
Let p(m) = -m**2 - 6*m + 27. Calculate p(-9).
0
Let i(z) = z**2 + 14*z + 14. What is i(-10)?
-26
Let t(r) = r**2 - 3*r + 7. What is t(8)?
47
Let k(t) = 5*t**2 - 54*t - 3. What is k(11)?
8
Let z(v) = -v**3 + 20*v**2 + v - 17. Calculate z(20).
3
Let l(r) = -5*r - 86. Calculate l(-16).
-6
Let o(l) = -22*l - 829. What is o(-38)?
7
Let v(y) = -y**3 + 14*y**2 - 15*y + 25. Give v(13).
-1
Let y(d) = -2*d + 5. Determine y(-7).
19
Let s(f) = -f**3 - 21*f**2 - 19*f - 8. Give s(-20).
-28
Let w(q) = q**2 - 8*q - 37. Give w(11).
-4
Let i(d) = d**2 + 2*d + 5. Give i(-2).
5
Let v(q) = -q**3 + 5*q**2 - 7. What is v(4)?
9
Let f(v) = 4*v + 5. Give f(-2).
-3
Let k(b) = -6*b**2 - 2*b + 3. Determine k(1).
-5
Let u(j) = 4*j + 35. Determine u(-10).
-5
Let a(c) = 8*c + 1. What is a(5)?
41
Let l(x) = x**3 + 5*x**2 - 27*x - 84. What is l(-7)?
7
Let m(t) = -3*t**2 + t - 6. What is m(2)?
-16
Let d(v) = -v**2 - 9*v + 176. Calculate d(-18).
14
Let h(j) = -j**3 - 8*j**2 - 12*j - 10. Calculate h(-4).
-26
Let z(o) = o**2 + 18*o - 32. What is z(-20)?
8
Let o(j) = 4*j**3 - 5*j**2 - 8. Calculate o(2).
4
Let b(c) = c**2 + 17*c + 61. Determine b(-8).
-11
Let h(c) = -18*c + 21. Calculate h(5).
-69
Let d(n) = -n**3 - 9*n**2 - 19*n - 5. Calculate d(-7).
30
Let t(d) = 14*d. Determine t(-1).
-14
Let j(g) = 2*g**2 - g - 5. Determine j(-2).
5
Let a(k) = -k**2 - 5*k - 8. Determine a(-5).
-8
Let p(r) = -r**2 + 12*r + 8. Give p(11).
19
Let x(a) = -6*a + 111. Calculate x(19).
-3
Let y(t) = 2*t**2 - 23*t + 35. Determine y(10).
5
Let r(m) = -m**3 + 8*m**2 + 2*m - 1. Give r(8).
15
Let w(h) = -h**2 - h + 4. Calculate w(-4).
-8
Let y(b) = 2*b**2 - 26*b - 6. Calculate y(-5).
174
Let l(u) = u**3 - 17*u**2 - 59*u + 1. Calculate l(20).
21
Let l(o) = -3*o - 6. What is l(-3)?
3
Let o(v) = 9*v + 13. Calculate o(-6).
-41
Let f(x) = x + 7. Give f(6).
13
Let z(j) = j - 4. Determine z(-6).
-10
Let r(d) = 3*d + 2. Determine r(6).
20
Let r(c) = -19*c**3 + 2*c + 1. Determine r(-1).
18
Let k(l) = -l**2 - 9*l - 16. Calculate k(-9).
-16
Let o(l) = -l**3 - l**2 - l - 3. Calculate o(0).
-3
Let a(x) = -6*x + 18. Determine a(5).
-12
Let z(k) = -k**2 + 2*k + 1. Give z(7).
-34
Let l(r) = -45*r + 584. Calculate l(13).
-1
Let a(m) = m**2 - 8*m + 3. Give a(6).
-9
Let h(v) = 3*v**3 - 3*v**2 - 4*v - 3. Give h(-2).
-31
Let j(x) = 2*x - 13. Determine j(11).
9
Let k(o) = -12*o**2 + 4. Calculate k(-2).
-44
Let a(c) = 9*c + 9. Determine a(-4).
-27
Let f(k) = -k**3 - 2*k**2 + 5*k - 1. What is f(-4)?
11
Let g(c) = -2*c**2 + 22*c + 23. Calculate g(12).
-1
Let r(j) = -2*j**2 + 10*j + 11. Calculate r(-1).
-1
Let m(j) = j**3 + 5*j**2 - 2*j + 13. What is m(-6)?
-11
Let r(d) = d**3 + d**2 + 46. Give r(0).
46
Let j(m) = m**3 + 6*m**2 - 7*m - 6. What is j(-6)?
36
Let v(k) = -k**3 + 9*k**2 - 13*k + 37. What is v(8)?
-3
Let k(t) = t**3 - 11*t**2 + 14*t - 6. What is k(9)?
-42
Let x(g) = 2*g**3 - g**2 - 17*g - 7. Give x(-3).
-19
Let s(n) = -n**3 - 13*n**2 - 21*n + 4. Calculate s(-11).
-7
Let v(k) = -k**2 + 6*k + 5. Determine v(7).
-2
Let a(i) = -156*i - 786. Calculate a(-5).
-6
Let g(c) = -c**2 - 17*c - 17. Determine g(-16).
-1
Let k(y) = 13*y + 40. Give k(8).
144
Let n(v) = -2*v**2 + 32*v + 39. Calculate n(17).
5
Let z(h) = -h - 11. What is z(-10)?
-1
Let o(y) = -y**3 + 6*y**2 - 8*y + 11. Calculate o(4).
11
Let j(s) = s**2 + 15*s + 56. Give j(-6).
2
Let i(u) = 5*u - 10. Calculate i(8).
30
Let x(h) = h**2 - 7*h + 8. Give x(6).
2
Let p(k) = -8*k**3 - k**2 - 2*k + 1. What is p(1)?
-10
Let y(f) = -f**3 - 3*f**2 + 4*f + 3. Calculate y(-4).
3
Let d(i) = -3*i - 39. What is d(-13)?
0
Let i(q) = -q**2 - 9*q - 6. Calculate i(-4).
14
Let r(k) = -4*k - 6. Give r(4).
-22
Let j(t) = t**3 - 20*t**2 - 23*t - 26. Give j(21).
-68
Let o(m) = m + 8. Determine o(-6).
2
Let v(u) = u**2 + 10*u - 10. Calculate v(-10).
-10
Let s(b) = -3*b**2 + 16*b - 6. Calculate s(6).
-18
Let h(f) = -f**2 - 3*f - 4. Determine h(3).
-22
Let d(v) = 6*v**2 - 48*v - 9. Give d(8).
-9
Let a(p) = 2*p**3 - 11*p**2 + 5*p + 12. Determine a(5).
12
Let j(b) = b - 4. What is j(10)?
6
Let z(m) = -m**2 - 8*m - 6. What is z(-6)?
6
Let m(t) = 14*t**3 + t - 1. Give m(1).
14
Let u(o) = o**2 - 4*o - 4. Calculate u(4).
-4
Let g(d) = -d**2 - 12*d - 10. Determine g(-5).
25
Let v(i) = i**3 - 26*i**2 - 87*i + 8. Give v(29).
8
Let i(c) = 3*c**2 + 4*c + 6. Determine i(-5).
61
Let k(s) = 3*s - 2. Determine k(-15).
-47
Let x(y) = -y**3 - 7*y**2 + 2*y - 4. Give x(-7).
-18
Let v(j) = j**3 + 9*j**2 - 3*j - 29. Calculate v(-9).
-2
Let u(d) = 7*d + 36. Calculate u(-5).
1
Let x(z) = -z + 13. What is x(7)?
6
Let h(z) = z**3 - 23*z**2 - 79*z + 19. Calculate h(26).
-7
Let p(w) = w**3 + 7*w**2 + 9*w + 3. What is p(-6)?
-15
Let f(b) = 6*b + 3. Give f(2).
15
Let q(m) = -16*m + 9. Calculate q(-4).
73
Let w(d) = -3*d**2 + 5*d - 9. Calculate w(5).
-59
Let t(w) = w**2 - 32*w - 7. Calculate t(31).
-38
Let z(w) = w**3 + 5*w**2 - 7*w - 38. Give z(-5).
-3
Let y(h) = 14*h - 22. Determine y(2).
6
Let s(t) = 2*t**3 + 4*t - 27. Determine s(2).
-3
Let y(m) = 52*m + 414. Calculate y(-8).
-2
Let t(a) = a**2 + 45*a + 334. Give t(-9).
10
Let f(v) = 2*v + 11. Calculate f(-9).
-7
Let m(s) = -s**2 - 19*s + 3. Determine m(-19).
3
Let o(p) = -p**3 + 12*p**2 - 6*p - 65. Calculate o(11).
-10
Let a(u) = u**3 - 10*u**2 + 18*u + 1. What is a(8)?
17
Let r(s) = -s**3 + 2*s - 2. What is r(3)?
-23
Let n(u) = -u + 5. Determine n(0).
5
Let v(f) = -17*f + 152. Give v(9).
-1
Let q(d) = 2*d**3 + 5*d**2 + 2*d + 1. Determine q(-3).
-14
Let k(n) = -4*n**3 - 3*n - 4. Calculate k(-2).
34
Let x(i) = -2*i**3 + 4*i**2 + 5*i. Determine x(4).
-44
Let v(k) = -8*k**2 + 40*k - 1. Determine v(5).
-1
Let h(q) = -3*q - 12. What is h(-8)?
12
Let r(i) = -i**2 + 10*i + 28. What is r(13)?
-11
Let w(z) = -z - 5. Calculate w(-4).
-1
Let w(v) = v - 36. What is w(27)?
-9
Let n(s) = -s**3 - 14*s**2 + 2. What is n(-14)?
2
Let y(p) = p + 15. Calculate y(-12).
3
Let o(i) = i**3 - 12*i**2 + 10*i + 6. Give o(11).
-5
Let q(h) = 57*h**3 + h**2 - 1. What is q(-1)?
-57
Let v(m) = -3*m - 17. What is v(-7)?
4
Let u(v) = v**2 + 7*v - 7. Calculate u(-7).
-7
Let h(o) = -14*o + 108. What is h(9)?
-18
Let j(h) = -12*h + 46. Calculate j(4).
-2
Let w(z) = -z + 7. Give w(6).
1
Let v(g) = 2*g + 4. Calculate v(-7).
-10
Let s(j) = 4*j**2 + 14*j - 5. Calculate s(-5).
25
Let k(n) = -n - 6. Determine k(-8).
2
Let k(g) = g**3 + g**2 - 2*g + 8. Give k(-4).
-32
Let s(m) = m**2 + 4*m - 18. Calculate s(0).
-18
Let r(h) = h**2 + 17*h + 71. Give r(-9).
-1
Let v(q) = -q + 15. Give v(7).
8
Let x(a) = -a**3 - 21*a**2 - 67*a + 27. What is x(-17)?
10
Let v(m) = 34*m**2 - 2*m - 6. What is v(-2)?
134
Let a(i) = -15*i**2 - 2*i - 1. What is a(-1)?
-14
Let m(z) = 3*z**2 - 21*z + 12. What is m(6)?
-6
Let i(c) = -c - 14. Determine i(-4).
-10
Let a(f) = f**3 + 19*f**2 + 16*f - 25. Calculate a(-18).
11
Let l(i) = -45*i**2 - 2*i. Determine l(2).
-184
Let u(h) = -4*